{"id":156,"date":"2020-08-27T22:21:53","date_gmt":"2020-08-27T20:21:53","guid":{"rendered":"http:\/\/www.cliniquedudroit.fr\/?page_id=156"},"modified":"2022-07-11T17:39:42","modified_gmt":"2022-07-11T15:39:42","slug":"nos-objectifs","status":"publish","type":"page","link":"https:\/\/www.cliniquedudroit.fr\/index.php\/nos-objectifs\/","title":{"rendered":"NOS OBJECTIFS"},"content":{"rendered":"\n<p><\/p>\n\n\n\n<h5 class=\"wp-block-heading\"><strong>Qu\u2019est-ce qu\u2019une clinique juridique et quelles sont les sp\u00e9cificit\u00e9s de celle de Bordeaux ? <\/strong><\/h5>\n\n\n\n<p>Ce projet est inspir\u00e9 des Law Clinics ou autres Legal Advice Center d\u00e9velopp\u00e9s au sein des universit\u00e9s am\u00e9ricaines et, depuis une quinzaine d\u2019ann\u00e9es au Royaume-Uni. Le principe est le m\u00eame qu\u2019avec l\u2019enseignement clinique instaur\u00e9 pour les \u00e9tudes de m\u00e9decine. Une formation pratique du m\u00eame type pour les apprenants en droit pr\u00e9sente de nombreux avantages p\u00e9dagogiques et sociaux. <strong>D\u2019une part elle permet aux \u00e9tudiants de travailler sur un probl\u00e8me juridique dans son contexte ; d\u2019autre part, gr\u00e2ce \u00e0 son activit\u00e9 d\u2019information et d\u2019aide juridique \u00e0 but non lucratif, elle r\u00e9pond \u00e0 des besoins de la soci\u00e9t\u00e9.<\/strong><\/p>\n\n\n\n<p><strong>Ouverte en 2013<\/strong>, la Clinique du droit a d\u2019abord initi\u00e9 le projet de Service d\u2019information juridique gratuit, pour ensuite d\u00e9velopper d\u2019autres projets, dont Objectif Droits et Recherche en actions.<\/p>\n\n\n\n<p><strong>L\u2019ensemble des enseignements propos\u00e9s par la Clinique du droit de Bordeaux vise \u00e0 confronter les \u00e9tudiants \u00e0 des situations complexes, authentiques et diversifi\u00e9es<\/strong>. Les situations authentiques que nous proposons permettent aux \u00e9tudiants de mobiliser les connaissances th\u00e9oriques qu\u2019ils ont acquises au cours de leur formation en situation r\u00e9elle et en s\u2019adaptant au probl\u00e8me rencontr\u00e9. Les situations authentiques sur lesquelles s\u2019appuient nos enseignements sont : individuelles d\u2019une part, car la situation est issue d\u2019un probl\u00e8me rencontr\u00e9 par une personne ; collectives d\u2019autre part, car la situation \u00e9mane d\u2019une probl\u00e9matique soci\u00e9tale rencontr\u00e9e par un organisme, une soci\u00e9t\u00e9, une association etc.\u00a0<\/p>\n\n\n\n<p>L\u2019ensemble des enseignements cliniques propos\u00e9s vise \u00e0 <strong>renforcer la capacit\u00e9 de l\u2019\u00e9tudiant \u00e0 devenir un praticien susceptible d\u2019analyser les diverses situations qui se pr\u00e9sentent \u00e0 lui. <\/strong>Ces enseignements cliniques permettent de <strong>favoriser la prise de d\u00e9cision des \u00e9tudiants, les forment \u00e0 mener des interventions efficaces et appropri\u00e9es et \u00e0 produire une r\u00e9ponse adapt\u00e9e aux acteurs concern\u00e9s<\/strong>.<\/p>\n\n\n\n<p>Tous nos parcours de formation ont \u00e9t\u00e9 construits en prenant en compte \u00e0 la fois <strong>la situation authentique<\/strong> concern\u00e9e, <strong>les objectifs p\u00e9dagogiques <\/strong>de l\u2019enseignement, <strong>les comp\u00e9tences vis\u00e9es<\/strong> par ces enseignements, <strong>les travaux produit<\/strong>s par les \u00e9tudiants et <strong>l\u2019\u00e9valuation<\/strong> de ceux-ci.<\/p>\n\n\n\n<p><\/p>\n\n\n\n<p><\/p>\n\n\n\n<h5 class=\"wp-block-heading\"><strong>Nos objectifs<\/strong><\/h5>\n\n\n\n<p>Dans toutes ses enseignements, la Clinique du droit poursuit un double objectif :<\/p>\n\n\n\n<ul><li><strong>P\u00e9dagogique<\/strong> car elle permet \u00e0 des \u00e9tudiants de l\u2019Universit\u00e9 soit de travailler sur des situations concr\u00e8tes et de mettre en application leurs connaissances th\u00e9oriques, soit de parfaire l\u2019acquisition des notions et de travailler sur la transmission du savoir, en s\u2019adaptant au public. Le projet permet aussi aux \u00e9tudiants de conna\u00eetre la r\u00e9alit\u00e9 du droit tel qu\u2019il est v\u00e9cu par des non-juristes. En outre, la Clinique du droit constitue une formation int\u00e9gr\u00e9e qui permet aux \u00e9tudiants de renforcer leurs comp\u00e9tences et connaissances n\u00e9cessaires \u00e0 tout bon juriste tout en d\u00e9veloppant une autonomie et un sens des responsabilit\u00e9s indispensables \u00e0 leur future carri\u00e8re.<\/li><li><strong>Social<\/strong> car elle r\u00e9pond \u00e0 des demandes de la soci\u00e9t\u00e9, que celles-ci viennent de particuliers ou de structures repr\u00e9sentant des publics sp\u00e9cifiques. La Clinique du droit favorise la diffusion des connaissances juridiques \u00e0 tout un chacun.<\/li><\/ul>\n\n\n\n<p><\/p>\n\n\n\n<h5 class=\"wp-block-heading\"><strong>Nos chiffres clefs<\/strong><\/h5>\n\n\n\n<p><\/p>\n\n\n\n<div class=\"wp-block-image is-style-default\"><figure class=\"aligncenter size-full\"><img loading=\"lazy\" decoding=\"async\" width=\"668\" height=\"498\" src=\"http:\/\/www.cliniquedudroit.fr\/wp-content\/uploads\/2020\/08\/chiffres-clefs.png\" alt=\"\" class=\"wp-image-159\" srcset=\"https:\/\/www.cliniquedudroit.fr\/wp-content\/uploads\/2020\/08\/chiffres-clefs.png 668w, https:\/\/www.cliniquedudroit.fr\/wp-content\/uploads\/2020\/08\/chiffres-clefs-300x224.png 300w\" sizes=\"(max-width: 668px) 100vw, 668px\" \/><\/figure><\/div>\n","protected":false},"excerpt":{"rendered":"<p>Qu\u2019est-ce qu\u2019une clinique juridique et quelles sont les sp\u00e9cificit\u00e9s de celle de Bordeaux ? Ce projet est inspir\u00e9 des Law Clinics ou autres Legal Advice Center d\u00e9velopp\u00e9s au sein des universit\u00e9s am\u00e9ricaines et, depuis une quinzaine d\u2019ann\u00e9es au Royaume-Uni. Le principe est le m\u00eame qu\u2019avec l\u2019enseignement clinique instaur\u00e9 pour les \u00e9tudes de m\u00e9decine. Une formation [&hellip;]<\/p>\n","protected":false},"author":1,"featured_media":0,"parent":0,"menu_order":0,"comment_status":"closed","ping_status":"closed","template":"","meta":{"footnotes":""},"_links":{"self":[{"href":"https:\/\/www.cliniquedudroit.fr\/index.php\/wp-json\/wp\/v2\/pages\/156"}],"collection":[{"href":"https:\/\/www.cliniquedudroit.fr\/index.php\/wp-json\/wp\/v2\/pages"}],"about":[{"href":"https:\/\/www.cliniquedudroit.fr\/index.php\/wp-json\/wp\/v2\/types\/page"}],"author":[{"embeddable":true,"href":"https:\/\/www.cliniquedudroit.fr\/index.php\/wp-json\/wp\/v2\/users\/1"}],"replies":[{"embeddable":true,"href":"https:\/\/www.cliniquedudroit.fr\/index.php\/wp-json\/wp\/v2\/comments?post=156"}],"version-history":[{"count":4,"href":"https:\/\/www.cliniquedudroit.fr\/index.php\/wp-json\/wp\/v2\/pages\/156\/revisions"}],"predecessor-version":[{"id":853,"href":"https:\/\/www.cliniquedudroit.fr\/index.php\/wp-json\/wp\/v2\/pages\/156\/revisions\/853"}],"wp:attachment":[{"href":"https:\/\/www.cliniquedudroit.fr\/index.php\/wp-json\/wp\/v2\/media?parent=156"}],"curies":[{"name":"wp","href":"https:\/\/api.w.org\/{rel}","templated":true}]}}