{"id":2033,"date":"2026-02-05T15:25:20","date_gmt":"2026-02-05T14:25:20","guid":{"rendered":"https:\/\/www.cliniquedudroit.fr\/?page_id=2033"},"modified":"2026-02-05T15:39:42","modified_gmt":"2026-02-05T14:39:42","slug":"partyright","status":"publish","type":"page","link":"https:\/\/www.cliniquedudroit.fr\/index.php\/lenseignement-clinique-du-droit\/partyright\/","title":{"rendered":"PARTYRIGHT"},"content":{"rendered":"\n<p><strong>PARTYRIGHT <\/strong>est un jeu s\u00e9rieux \u00e0 l&#8217;attention des \u00e9tudiants en Licence de droit de l&#8217;universit\u00e9 de Bordeaux.<\/p>\n\n\n\n<p>Il a \u00e9t\u00e9 r\u00e9alis\u00e9 par l&#8217;\u00e9quipe de la Clinique du droit \u00e0 partir des dossiers du SIJ (service d&#8217;information juridique). Il s&#8217;agit d&#8217;un jeu de <strong>qualification juridique<\/strong>. L&#8217;objectif, \u00e0 partir d&#8217;une situation de fait, est de d\u00e9terminer la cat\u00e9gorie juridique dans laquelle s&#8217;ins\u00e8re le probl\u00e8me pos\u00e9.<\/p>\n\n\n\n<p>Le jeu permet de : <\/p>\n\n\n\n<ul>\n<li>Comprendre la notion de qualification juridique, <\/li>\n\n\n\n<li>Comprendre la diff\u00e9rence entre le fait et le droit,<\/li>\n\n\n\n<li>Comprendre la complexit\u00e9 de la pr\u00e9qualification juridique (situer le fait dans une cat\u00e9gorie juridique, avant de d\u00e9terminer la r\u00e8gle de droit applicable) au regard d&#8217;une pr\u00e9sentation trop simpliste du syllogisme juridique,<\/li>\n\n\n\n<li>S&#8217;entra\u00eener de fa\u00e7on ludique \u00e0 r\u00e9fl\u00e9chir en groupe &#8211; confrontation des arguments &#8211; au rattachement de la r\u00e8gle de droit \u00e0 des cat\u00e9gories juridiques.<\/li>\n<\/ul>\n\n\n\n<p><\/p>\n\n\n\n<p>Des cr\u00e9neaux sont propos\u00e9s aux \u00e9tudiants de L1 le mercredi matin. Deux \u00e9tudiantes de Master 2 encadrent la participation au jeu sur chacun des plateaux num\u00e9riques.<\/p>\n\n\n\n<p>Une \u00e9quipe peut comporter maximum trois joueurs. Une partie dure 40 minutes. La r\u00e9flexion est privil\u00e9gi\u00e9e plut\u00f4t que la comp\u00e9titivit\u00e9 puisque le but est de comprendre et non d&#8217;\u00eatre rapide.<\/p>\n","protected":false},"excerpt":{"rendered":"<p>PARTYRIGHT est un jeu s\u00e9rieux \u00e0 l&#8217;attention des \u00e9tudiants en Licence de droit de l&#8217;universit\u00e9 de Bordeaux. Il a \u00e9t\u00e9 r\u00e9alis\u00e9 par l&#8217;\u00e9quipe de la Clinique du droit \u00e0 partir des dossiers du SIJ (service d&#8217;information juridique). Il s&#8217;agit d&#8217;un jeu de qualification juridique. L&#8217;objectif, \u00e0 partir d&#8217;une situation de fait, est de d\u00e9terminer la [&hellip;]<\/p>\n","protected":false},"author":1,"featured_media":0,"parent":19,"menu_order":7,"comment_status":"closed","ping_status":"closed","template":"","meta":{"footnotes":""},"_links":{"self":[{"href":"https:\/\/www.cliniquedudroit.fr\/index.php\/wp-json\/wp\/v2\/pages\/2033"}],"collection":[{"href":"https:\/\/www.cliniquedudroit.fr\/index.php\/wp-json\/wp\/v2\/pages"}],"about":[{"href":"https:\/\/www.cliniquedudroit.fr\/index.php\/wp-json\/wp\/v2\/types\/page"}],"author":[{"embeddable":true,"href":"https:\/\/www.cliniquedudroit.fr\/index.php\/wp-json\/wp\/v2\/users\/1"}],"replies":[{"embeddable":true,"href":"https:\/\/www.cliniquedudroit.fr\/index.php\/wp-json\/wp\/v2\/comments?post=2033"}],"version-history":[{"count":3,"href":"https:\/\/www.cliniquedudroit.fr\/index.php\/wp-json\/wp\/v2\/pages\/2033\/revisions"}],"predecessor-version":[{"id":2037,"href":"https:\/\/www.cliniquedudroit.fr\/index.php\/wp-json\/wp\/v2\/pages\/2033\/revisions\/2037"}],"up":[{"embeddable":true,"href":"https:\/\/www.cliniquedudroit.fr\/index.php\/wp-json\/wp\/v2\/pages\/19"}],"wp:attachment":[{"href":"https:\/\/www.cliniquedudroit.fr\/index.php\/wp-json\/wp\/v2\/media?parent=2033"}],"curies":[{"name":"wp","href":"https:\/\/api.w.org\/{rel}","templated":true}]}}