{"id":232,"date":"2020-08-31T14:07:47","date_gmt":"2020-08-31T12:07:47","guid":{"rendered":"http:\/\/www.cliniquedudroit.fr\/?page_id=232"},"modified":"2020-08-31T14:07:47","modified_gmt":"2020-08-31T12:07:47","slug":"les-observatoires-du-dialogue-social-2019","status":"publish","type":"page","link":"https:\/\/www.cliniquedudroit.fr\/index.php\/les-observatoires-du-dialogue-social-2019\/","title":{"rendered":"Les observatoires du dialogue social &#8211; 2019"},"content":{"rendered":"\n<p>Durant l\u2019ann\u00e9e universitaire 2018-2019, les \u00e9tudiants du Master 2 Droit des Relations de Travail dans l\u2019Entreprise dirig\u00e9 par Monsieur le Professeur S\u00e9bastien TOURNAUX, sous la supervision de ce dernier, ont r\u00e9alis\u00e9 une enqu\u00eate sur les observatoires d\u2019analyses et d\u2019appui au dialogue social et \u00e0 la n\u00e9gociation institu\u00e9s par l\u2019ordonnance du 22 septembre 2017.<\/p>\n\n\n\n<p>Il s\u2019agissait, apr\u00e8s avoir d\u00e9termin\u00e9 le contexte historique, politique, social, comparatiste et philosophique du dialogue social, de r\u00e9pondre \u00e0 la question suivante :<\/p>\n\n\n\n<p>Comment les observatoires s\u2019associent-ils aux entreprises de moins de cinquante salari\u00e9s pour promouvoir le dialogue social ?<\/p>\n\n\n\n<p>Pour mener \u00e0 bien cette enqu\u00eate, les \u00e9tudiants ont rencontr\u00e9 des professionnels concern\u00e9s par cette probl\u00e9matique et ont effectu\u00e9 une \u00e9tude sur les objectifs poursuivis par ces observatoires, mais aussi sur la r\u00e9alit\u00e9 de ceux-ci.<\/p>\n\n\n\n<p>Le 14 avril 2019\u00a0 les \u00e9tudiants ont pu, au cours d\u2019un s\u00e9minaire qu\u2019ils ont organis\u00e9, rendre leurs observations et proposer des recommandations concr\u00e8tes \u00e0 court, moyen et long terme.<\/p>\n\n\n\n<p>Le rapport final de leur \u00e9tude est t\u00e9l\u00e9chargeable ci-dessous :<\/p>\n\n\n\n<div class=\"wp-block-file\"><a href=\"http:\/\/www.cliniquedudroit.fr\/wp-content\/uploads\/2020\/08\/Rapport-Les-observatoires-danalyse-et-dappui-au-dialogue-social-et-a-la-negociation.pdf\">Rapport-Les-observatoires-danalyse-et-dappui-au-dialogue-social-et-a-la-negociation<\/a><a href=\"http:\/\/www.cliniquedudroit.fr\/wp-content\/uploads\/2020\/08\/Rapport-Les-observatoires-danalyse-et-dappui-au-dialogue-social-et-a-la-negociation.pdf\" class=\"wp-block-file__button\" download>T\u00e9l\u00e9charger<\/a><\/div>\n\n\n\n<p><\/p>\n","protected":false},"excerpt":{"rendered":"<p>Durant l\u2019ann\u00e9e universitaire 2018-2019, les \u00e9tudiants du Master 2 Droit des Relations de Travail dans l\u2019Entreprise dirig\u00e9 par Monsieur le Professeur S\u00e9bastien TOURNAUX, sous la supervision de ce dernier, ont r\u00e9alis\u00e9 une enqu\u00eate sur les observatoires d\u2019analyses et d\u2019appui au dialogue social et \u00e0 la n\u00e9gociation institu\u00e9s par l\u2019ordonnance du 22 septembre 2017. Il s\u2019agissait, [&hellip;]<\/p>\n","protected":false},"author":1,"featured_media":0,"parent":0,"menu_order":0,"comment_status":"closed","ping_status":"closed","template":"","meta":{"footnotes":""},"_links":{"self":[{"href":"https:\/\/www.cliniquedudroit.fr\/index.php\/wp-json\/wp\/v2\/pages\/232"}],"collection":[{"href":"https:\/\/www.cliniquedudroit.fr\/index.php\/wp-json\/wp\/v2\/pages"}],"about":[{"href":"https:\/\/www.cliniquedudroit.fr\/index.php\/wp-json\/wp\/v2\/types\/page"}],"author":[{"embeddable":true,"href":"https:\/\/www.cliniquedudroit.fr\/index.php\/wp-json\/wp\/v2\/users\/1"}],"replies":[{"embeddable":true,"href":"https:\/\/www.cliniquedudroit.fr\/index.php\/wp-json\/wp\/v2\/comments?post=232"}],"version-history":[{"count":1,"href":"https:\/\/www.cliniquedudroit.fr\/index.php\/wp-json\/wp\/v2\/pages\/232\/revisions"}],"predecessor-version":[{"id":234,"href":"https:\/\/www.cliniquedudroit.fr\/index.php\/wp-json\/wp\/v2\/pages\/232\/revisions\/234"}],"wp:attachment":[{"href":"https:\/\/www.cliniquedudroit.fr\/index.php\/wp-json\/wp\/v2\/media?parent=232"}],"curies":[{"name":"wp","href":"https:\/\/api.w.org\/{rel}","templated":true}]}}